= 16*c**3 + 8*c**2 - 4*c + 59. Is g(d) prime?
True
Suppose 3*n + 9 = 0, -3*n + 4 = -4*y + 13. Suppose -3*g = -3*d, 0 = 4*d - y*g - 3*g. Let s(k) = k**3 - 2*k**2 + 1039. Is s(d) composite?
False
Let w = 374451 - 198152. Is w a composite number?
False
Let z = 52698 - 25939. Is z a prime number?
True
Let u = 68292 - 43933. Is u a prime number?
True
Suppose 21*d + 104 = 34*d. Suppose d*h = 7*h + 1087. Is h composite?
False
Suppose 0 = 5*t + 5*w, 7*w - 3*w = -5*t. Let m be (10/1 - t)/(-19 - -18). Is ((-2)/m + 18430/(-25))/(-1) prime?
False
Let f = 544 - 540. Suppose -8429 = 76*a - 79*a - w, 4*a = f*w + 11228. Is a composite?
True
Let c be (-2)/(-6)*(-4 + 7). Let g be 5 - -2 - 4 - c. Suppose g*h + 0*h = 5*v - 4197, -5*v + 4194 = h. Is v composite?
False
Suppose -90 = b - 11*b. Let z = -9 + b. Suppose 2*h + 4*l = 1814, z*h = -2*h - l + 1823. Is h a composite number?
True
Let p = 454 - 446. Suppose -p*r + 0*r + 136312 = 0. Is r a prime number?
False
Let f be (-4)/(-62) - (-51921720)/2790. Suppose -g = 4*g, -f = -5*x + 2*g. Is x prime?
False
Suppose 25 + 77 = 2*z. Let j = z - 48. Suppose -4*y - 319 = -q, -3*y - 2*y - 936 = -j*q. Is q composite?
False
Suppose 2*t = -17*t + 211964. Suppose 5*w = 5*l + 21395, 3*l - t - 1705 = -3*w. Is w a composite number?
False
Let v = -1028 - -712. Let a be (6/(-15))/(2/3210). Let t = v - a. Is t a prime number?
False
Let f = -188 - -190. Suppose 13734 = 2*m - 3*r, -3*m + f*r + 16775 + 3816 = 0. Is m a prime number?
False
Suppose w = -2*t + 27706, 100*w - 99*w - 27730 = 2*t. Is w a prime number?
False
Let p(z) = 520*z + 407. Is p(40) a composite number?
True
Let m(a) = -149*a - 4. Suppose -v - 14 = v. Let i(w) = -4*w - 31. Let h be i(v). Is m(h) composite?
False
Suppose -11*w + 5*h - 179832 = -12*w, 0 = 5*w - 3*h - 899104. Suppose 0 = -4*m + 2*g + w, -5*m - 10390 = -g - 235160. Is m a prime number?
True
Suppose 5*b - 287 = -2*k + 171, 2*b + 1116 = 5*k. Suppose 417 = a - k. Is a prime?
True
Let o = 75437 + 106704. Is o a prime number?
True
Suppose -a - 9*t + 33 = -10*t, -3*a + 113 = 4*t. Suppose 233205 = a*g + 56420. Is g a composite number?
False
Let w(k) = k**3 + 4*k**2 - 15*k - 6. Suppose 0 = -10*s - s + 55. Let y be w(s). Let t = y - -77. Is t a prime number?
False
Suppose -12 = 5*k - 7*k. Suppose -v + 30 = 3*r, -10*v + 2*r = -k*v - 176. Is (-2)/(-12) + 46781/v composite?
True
Is (1163396 - -33)*(-5)/(5/(-1)) composite?
True
Let s(y) = 2*y**3 - 15*y**2 + 27*y + 8. Let m be s(12). Suppose -3*z + 5*l + m = 0, z - 221 - 315 = -5*l. Is z a composite number?
False
Let w = 170 + -166. Let i(b) be the second derivative of 47*b**4/6 - b**3 - 9*b**2/2 - 24*b. Is i(w) a prime number?
True
Let j = 7409 - 4950. Is j composite?
False
Suppose 7*q - 2*q = -2*o - 13992, -q = -2. Is (o/4)/(1/(-4)) a prime number?
True
Is 6/(-15) - (15 - -19)*57671/(-10) composite?
False
Let z = 38471 - 20080. Is z a composite number?
True
Let g(b) = -10*b + 10. Let i be g(2). Let c(k) = -k**3 - 10*k**2 + k + 13. Let v be c(i). Suppose 25355 = v*q + 8*q. Is q a prime number?
False
Let w = 378 + -390. Is (-33 + 0)*3716/w a composite number?
True
Suppose 7105*p - 7091*p = 218414. Is p a composite number?
False
Is (-5)/(-30)*42 + 393966 prime?
False
Suppose -291085 = -3*a + 4*g, -5*a + 232800 = 5*g - 252295. Is a composite?
True
Suppose 0 = -2*o - 2*o + 2004. Suppose -b = 3*f - o, f + b + 29 = 198. Let r = 2595 - f. Is r a composite number?
True
Suppose -27612048 = -89*v - 11212574 + 59742429. Is v a prime number?
True
Suppose -8*u + 15 = -3*u - 3*b, -5*u - 4*b + 50 = 0. Let t(l) = 219*l**2 + 13*l - 131. Is t(u) a composite number?
True
Is (1765864/(-12))/((-100)/150) prime?
False
Let c = 29 + -22. Let g(o) = 4 + c - 16 - 148*o. Is g(-4) a prime number?
True
Suppose 2*d + 14 = 2*p + 4*d, 0 = -d + 2. Suppose -4*y - 12 = 0, -3*t + p*y = -361 - 887. Is t a composite number?
True
Let s = 39 - 1036. Suppose 0 = -1705*m + 1714*m - 14499. Let j = s + m. Is j composite?
True
Let x(j) be the first derivative of -j**3/3 + 6*j**2 + 5*j + 5. Let a be x(5). Is 5256/a - 6/15 a prime number?
True
Suppose 15*h = -12*h - 4*h + 14882821. Is h prime?
True
Let n(j) = 3*j**3 - 5*j**2 - 5*j + 1. Let i(l) = l**2 - 6*l + 10. Let g be i(5). Let a be n(g). Suppose a = 2*p - p. Is p composite?
True
Let y = -9 + 15. Let p(q) = -y*q + 0*q**2 - 984 + 7*q + 2*q**2 + 4777. Is p(0) a prime number?
True
Suppose 0 = -13*n + 15*n - l - 1496, 5*n + 5*l - 3725 = 0. Let v = n - 34. Is v a composite number?
True
Let y be 7 + 8/(-32) + (-11)/4. Let k = y + 1. Suppose -5*d + q + 0*q + 1288 = 0, -3*q = -k*d + 1294. Is d prime?
True
Let f = 635 - -84. Let d(n) = -3*n**3 + 9*n**2 - 2*n + 9. Let k be d(-7). Suppose 2*h - k = -2*v + 5*h, f = v + 4*h. Is v composite?
False
Suppose 0 = 3*f - 4*z - 4051, f - 1610 = 3*z - 268. Is f composite?
True
Suppose -3353 = 5*x + 3187. Let v = 53 - x. Is v a prime number?
True
Let x(c) = 151*c - 516 - 542 + 1098. Is x(9) prime?
True
Let n(y) = 1645*y - 476. Let q be n(47). Suppose -6*x = 15*x - q. Is x composite?
False
Let f = 148653 + -26536. Is f a prime number?
True
Let w = 51162 - 10129. Is w a prime number?
False
Let q(p) = 3*p**2 + p + 2. Let d be q(-1). Let l be (d/1)/((2 - -1)/3). Suppose -7626 = -2*z + l*x, -3*x = 2*x + 25. Is z a prime number?
True
Let y = 2974 - 1762. Let p = y + 1267. Is p prime?
False
Let o(t) = -3*t + 5. Let a(v) = -4*v + 8. Let l be a(2). Let k be o(l). Suppose -k*f + 9199 + 8616 = 0. Is f composite?
True
Let o = -915765 + 1566524. Is o a prime number?
True
Let l be (-6)/4*20/(-5)*-1. Is (-443)/(((-18)/l)/(-3)) a composite number?
False
Let r be 6215/(4 - 5) - -4. Is (-2 - -3)/(r/1553 - -4) a composite number?
False
Suppose -5*g + 73 = -o, -58 - 4 = -4*g - o. Is -2 - ((-788327)/g + 12/90) composite?
False
Let z be 4 - 3 - (1 + -4). Suppose z = -4*x - 0*x, -2*d - 3*x + 21737 = 0. Suppose -2*i + d = -2*n, -i - 3*n + 16317 = 2*i. Is i a prime number?
True
Suppose -o = 4*p - 38225, 0 = 120*o - 124*o - p + 152840. Is o composite?
True
Let n = -10995 + 24512. Is n a composite number?
True
Suppose 20 = 4*g, -19*s + 14*s + 5*g + 505680 = 0. Is s a prime number?
True
Let m = 120 - 120. Is 10034 + m/2 + (8 - 5) a composite number?
False
Let u = -2215131 + 3594554. Is u composite?
False
Let t = -1272307 + 1889786. Is t prime?
True
Suppose -5*s = -3*u - 218, -8 = -0*s - 2*s. Let k be u/2*(-3114)/(-54). Let j = -1104 - k. Is j a composite number?
True
Let h = -896 - -1754. Let q = h - -153. Is q a composite number?
True
Suppose 43*g = -467 - 19657. Let v(c) = -9*c**3 - 2*c**2 + 2*c - 2. Let r be v(3). Let f = r - g. Is f a prime number?
True
Let k(o) = -20*o - 14 - 17*o + 24*o + 22*o**2. Let a be k(-4). Let u = 689 - a. Is u a composite number?
True
Let i be (-96)/51 + 2 + (-479052)/(-68). Suppose -3*u + i = 1738. Suppose -r = 688 - u. Is r a composite number?
True
Suppose 5*t - b + 2*b - 82 = 0, 88 = 5*t - b. Suppose -t*f = -7*f - 5570. Is f a composite number?
False
Suppose y - 10 = -y. Suppose -l = -y*l - 8, 0 = v - l - 1182. Suppose j = -m + v, 2*j - m + 277 - 2628 = 0. Is j prime?
False
Suppose 0*k - 12 = -6*k. Suppose -12807 = 4*c - 5*c + k*w, 5*w + 12792 = c. Is c prime?
False
Let q = -39631 - -55260. Is q a prime number?
True
Let f(a) = -3*a**3 - 6*a**2 + 20*a + 97. Is f(-28) a composite number?
False
Let w(d) = 3*d**2 + 17*d + 15. Suppose 4*a + 4 = 0, 0 = -h + a - 4*a - 6. Let p be 2/2*(h - 8). Is w(p) composite?
False
Suppose -29*h = -19*h - 60. Suppose -10804 = -h*w + 5438. Is w composite?
False
Suppose 0 = -53*a - 33*a + 1723354. Is a a composite number?
True
Let g = -35442 - -111619. Is g a prime number?
False
Let r = -99726 - -147990. Suppose -25*z + r = -13*z. Is z a composite number?
True
Suppose 2*l + 2*g - 10 = 0, 0*l + 5*g - 1 = 3*l. Suppose l*b - 13556 - 13783 = -3*m, 4*b - m = 36442. Is b prime?
False
Is (-4 + 5)*1/(-3) + (-31200)/(-18) composite?
False
Let a be (-3 + 7)/(4/(3 - 1)). Suppose 4113 = a*o - 19397. Is o prime?
False
Suppose -3*h = -h. Suppose h = 2*j - 6*j. Is j - -1*(-1 + 398)/1 a composite number?
False
Is (139/2)/((-261)/(-241686)) a composite number?
True
Let n be -3 + 0 + 2 + 3. Suppose 3*h = n*h + 3587. Suppose -5*x + 3*g = -g - h, -3*x = -3*g - 2151. Is x prime?
True
Suppose -32*z = -22*z + 20. Is (z 